mainder when l is divided by g?
17
Let z(m) = 52*m - 7. What is the remainder when z(1) is divided by 7?
3
Suppose 0 = -2*h - m + 6, 8 = h - m - m. Let u(r) = -2*r**2 + 16*r + 6. Calculate the remainder when u(8) is divided by h.
2
Let a = 42 - 37. Suppose a*l = 4*d - 1, 2*d + 4*l = 2*l + 14. What is the remainder when -6*((-5)/(-2))/(-1) is divided by d?
3
Suppose -3*m + 4*u + 26 = 0, -3*m + 37 - 9 = -2*u. What is the remainder when ((-36)/30)/((-2)/m) is divided by 4?
2
Suppose 0 = 2*k + u - 34 - 38, 0 = -4*k + 2*u + 128. What is the remainder when k is divided by 22?
12
Let o = 8 + 4. What is the remainder when o is divided by 8?
4
Let l(x) = -x**3 + 13*x**2 - 2*x + 27. What is the remainder when 21 is divided by l(13)?
0
Suppose 63*g - 20 = 61*g. Calculate the remainder when 46 is divided by g.
6
Let m(q) = q**2 - 8*q + 4. Let u be (3 + 2 + -2)*3. Calculate the remainder when (-2)/(-5) - 376/(-10) is divided by m(u).
12
Calculate the remainder when 25 is divided by (7 + -11)*-3*(-3)/(-2).
7
What is the remainder when 94 is divided by (-14)/14 + (-1 - -34)?
30
Suppose -2*z - 2 - 1 = -h, 2*z - 3 = -h. Suppose z = -o - o + 8. Suppose 5*m - 12 = -5*f - 2, o*m + 2*f = 16. Calculate the remainder when m is divided by 4.
2
Let k(r) = -r**2 + 4*r + 20. Let m(c) = c. Let w(a) = k(a) - 3*m(a). What is the remainder when w(0) is divided by 11?
9
Let h(u) = 3*u**2 - u + 1. Let s be h(1). Let p(a) = -a + 7. Calculate the remainder when p(s) is divided by 3.
1
Suppose w + 2 = 22. Calculate the remainder when w is divided by (-3 - 0)*33/(-9).
9
Let d = -126 + 139. Calculate the remainder when 24 is divided by d.
11
Suppose 2*v = 2*k - 8, -4*v - 7 = -4*k - 3*v. Let r(b) = 4*b + 17. What is the remainder when k is divided by r(-4)?
0
Suppose 0 = -3*g - 6 + 33. Calculate the remainder when (-5 - (-68)/12)/((-4)/(-150)) is divided by g.
7
Let d(o) = 2*o**2 + 3*o - 21. What is the remainder when d(-10) is divided by 19?
16
Let k(l) = l**3 + 10*l**2 + 14. Suppose -7*v = -12*v - 50. Calculate the remainder when 54 is divided by k(v).
12
Suppose 2*m + 0*m = 4*r - 92, 3*m = 0. Let s = -41 + 53. What is the remainder when r is divided by s?
11
Let x(r) = r**3 - 9*r**2 + 11*r - 5. Calculate the remainder when 94 is divided by x(8).
18
Let v(r) be the third derivative of r**5/60 + r**4/12 + 5*r**3/2 + 7*r**2. Suppose f = -0*f + 44. What is the remainder when f is divided by v(0)?
14
Let d(s) = s**2 - 12*s + 9. Let v be (-248)/(-20) + (-4)/10. Calculate the remainder when 35 is divided by d(v).
8
Suppose 25 = -2*p + 7*p. Suppose 12 = 2*l - 5*g + g, 5*g = p*l - 30. Let y(a) = a**3 - 5*a**2 - 3*a - 2. Calculate the remainder when y(6) is divided by l.
4
Let a = 12 - 9. Suppose -2*f + 116 = a*f + 2*m, 0 = 4*f + 3*m - 97. Calculate the remainder when f is divided by 8.
6
Let l(k) = 2*k**2 - 4*k - 3. Let r(u) = -6*u**2 + 13*u + 8. Let g(x) = -8*l(x) - 3*r(x). What is the remainder when g(5) is divided by 9?
6
Suppose -6*a = -a - 55. Suppose -5*j - 5 = -5*q, -3*q + 0 = 5*j - 19. Suppose -44 + q = -r. Calculate the remainder when r is divided by a.
8
Suppose -a - 3 = u, 7*a - u = 4*a - 9. Let x = 8 + a. Calculate the remainder when x is divided by 2.
1
Suppose 4*c = -2*h + 4, -4 = -c - 0*c + h. Suppose -7 = -3*k + c. What is the remainder when 9 is divided by k?
0
Let b be (-44)/(-5) - 1/(-5). Let f be ((-12)/(-18))/(2/b). Calculate the remainder when 6 is divided by f + 2/(4 - 2).
2
Suppose -6*s + 2*s - 2*k = -20, -5*s = -3*k - 25. Suppose 4 = w - s. Calculate the remainder when 16 is divided by w.
7
Suppose 81 = 5*i + 4*m, 0 = -5*m - 1 - 4. Suppose i*f - 69 = 14*f. What is the remainder when 44 is divided by f?
21
Suppose 0 = s - 6*s + 2*b + 493, -16 = 4*b. What is the remainder when s is divided by 20?
17
Let z(x) = -x**2 - 12*x + 75. Let h(w) = -w**3 - 2*w**2 + 3*w - 1. Calculate the remainder when z(0) is divided by h(-4).
18
Let k(s) = -4*s**2 + 0*s**3 + 4*s + 2*s**3 - s**3. Let q = 10 - 6. What is the remainder when k(q) is divided by 9?
7
Let d(m) = 10*m - 9 - 7*m + 8*m. Let g be d(6). Suppose -4*n + 3*h = -2*h - g, -4*n - h + 51 = 0. Calculate the remainder when 38 is divided by n.
12
Suppose 0 = -w + 2*w - 38. What is the remainder when w is divided by (2 + 0)/(1/10)?
18
Let f = 20 + 2. Let y be 3/(-18) + (-651)/(-18). Suppose 7*b = 4*b + y. What is the remainder when f is divided by b?
10
Suppose 0 = 6*z + 10*z - 240. What is the remainder when 54 is divided by z?
9
Suppose 3*k = 2*k + 72. What is the remainder when k is divided by 15?
12
Let i(h) = -h**2 + 7*h. Let t(p) = -p**2 + 9*p - 5. Let v be t(6). Let k = -8 + v. What is the remainder when 18 is divided by i(k)?
8
Let y(r) be the third derivative of -4*r**2 + 1/4*r**4 - 1/120*r**6 - 1/60*r**5 + 2/3*r**3 + 0*r + 0. What is the remainder when y(-4) is divided by 10?
8
Suppose -2*u + a = -62, 0*a + 122 = 4*u - 3*a. Let c = u + 29. What is the remainder when c is divided by 16?
13
Suppose 117 = 3*o + 33. Calculate the remainder when o is divided by 16.
12
Suppose -28 + 103 = 3*p. Suppose -1 = 5*h - 46. What is the remainder when p is divided by h?
7
Let v = 5 - -9. What is the remainder when 26 is divided by v?
12
Suppose -11 = -2*y - 3. Calculate the remainder when 17 is divided by y.
1
Let b = -13 + 15. Suppose -4*m = -3*i - b*i + 53, m + 23 = 2*i. Calculate the remainder when i is divided by 8.
5
Suppose 0 = -9*s + 5*s + 92. Calculate the remainder when 114 is divided by s.
22
Let x be (-1 - -4) + (-4 - -3). Let r(t) = 5*t**2 + 3*t - 2. Calculate the remainder when 45 is divided by r(x).
21
What is the remainder when (-12)/(-48) - 311/(-4) is divided by 16?
14
Suppose -m + 0*m = -5. Suppose 0 = 2*r, 3*j - 2*j + m*r - 11 = 0. Suppose 2*y = 3*y - j. Calculate the remainder when 43 is divided by y.
10
Let l be -3 - 5 - 0/1. What is the remainder when 29 is divided by (6 + -2)*(-30)/l?
14
Let q = -8 + -3. Let f = -6 - q. Calculate the remainder when f/2*(-24)/(-10) is divided by 4.
2
Let r = 13 + -6. Suppose -36 = -2*j - j. What is the remainder when j is divided by r?
5
Let x(q) = q + 2. Let k be x(0). What is the remainder when 68 is divided by k/(-9) + (-418)/(-18)?
22
Calculate the remainder when (-2)/(-4) + (-91)/(-14) is divided by 3.
1
Suppose -c + 8 = -11. What is the remainder when c is divided by 11?
8
Suppose -19*f + 24*f = 370. Calculate the remainder when f is divided by 19.
17
Let u(l) = l**3 + 8*l**2 - 11*l - 4. What is the remainder when 10/3*(2 - -10) is divided by u(-9)?
12
Let b be 26/8 - (-2)/(-8). Let v = b - 2. What is the remainder when 2 is divided by v?
0
Let w(y) = 8*y - 4. What is the remainder when 39 is divided by w(3)?
19
Let o(x) = 6*x + 3*x**2 + 5*x**2 + x**3 + 6 + x. What is the remainder when o(-5) is divided by 24?
22
Suppose 3*v = 12, -3*q + 0*v = -2*v - 4. Suppose -5*y - 22 = -2*u + 30, -5*u + q*y + 113 = 0. What is the remainder when u is divided by 6?
3
Suppose -38 - 5 = -v. Calculate the remainder when v is divided by 11.
10
Calculate the remainder when 22 is divided by (0/(-1) - -2) + (-30)/(-5).
6
Let b = 63 + -31. What is the remainder when 62 is divided by b?
30
Let z be 26/((-5)/((-35)/2)). Suppose -z - 14 = -3*u. Let o = 18 + -6. What is the remainder when u is divided by o?
11
Let s(y) = 2*y**2. Calculate the remainder when 21 is divided by s(-2).
5
Let l = 63 + -15. Suppose 0 = 4*i - l - 0. What is the remainder when 23 is divided by i?
11
Let n(z) = 4*z**2 + 8*z - 1. Let d(a) = -7*a**2 - 16*a + 2. Let h(w) = 3*d(w) + 5*n(w). What is the remainder when 2/8 - 110/(-8) is divided by h(-7)?
6
Let n = 1 + 4. What is the remainder when n is divided by 4?
1
Let k(w) = -w - 3. Let p be k(-3). Suppose p = -x + 4*x - 60. Let u = x + -8. Calculate the remainder when 35 is divided by u.
11
Let q be (13 + 1)*18/(-12). Calculate the remainder when 55 is divided by 21/(-2 + q/(-6)).
13
Let h(s) = s - 3. Suppose 5 = -2*z + 3*i + 10, -i - 5 = -4*z. Suppose 0 = j, g + 0 = 2*j + z. Calculate the remainder when g is divided by h(4).
0
Suppose o + 566 = 576. Let s = -39 + 58. What is the remainder when s is divided by o?
9
Let t(r) = 2*r**2 - 6*r - 9. What is the remainder when t(8) is divided by 24?
23
Suppose 5 = -5*v, -4*v + 0*v + 2 = 3*y. Suppose u + y*p - 14 = p, p - 2 = 0.